ainder when 1357 is divided by 653.
51
What is the remainder when 2617045 is divided by 29?
27
What is the remainder when 2730 is divided by 498?
240
What is the remainder when 13161 is divided by 27?
12
Calculate the remainder when 6735 is divided by 2230.
45
What is the remainder when 6961 is divided by 16?
1
Calculate the remainder when 82190 is divided by 16437.
5
Calculate the remainder when 7198 is divided by 716.
38
Calculate the remainder when 26135 is divided by 1012.
835
What is the remainder when 28802 is divided by 9570?
92
What is the remainder when 66147 is divided by 18?
15
What is the remainder when 85843 is divided by 740?
3
What is the remainder when 249426 is divided by 35629?
23
Calculate the remainder when 15510 is divided by 484.
22
Calculate the remainder when 10469 is divided by 232.
29
Calculate the remainder when 270 is divided by 229.
41
Calculate the remainder when 7503 is divided by 624.
15
Calculate the remainder when 2032 is divided by 287.
23
Calculate the remainder when 6136 is divided by 227.
7
What is the remainder when 845340 is divided by 34?
32
What is the remainder when 24967 is divided by 131?
77
Calculate the remainder when 380458 is divided by 340.
338
What is the remainder when 133403 is divided by 44465?
8
Calculate the remainder when 753 is divided by 312.
129
What is the remainder when 4736 is divided by 156?
56
Calculate the remainder when 190554 is divided by 409.
369
What is the remainder when 560 is divided by 260?
40
Calculate the remainder when 9216 is divided by 665.
571
Calculate the remainder when 207374 is divided by 18852.
2
What is the remainder when 40168 is divided by 227?
216
What is the remainder when 1866 is divided by 27?
3
What is the remainder when 502828 is divided by 17338?
26
What is the remainder when 21284 is divided by 67?
45
What is the remainder when 4390 is divided by 45?
25
What is the remainder when 97191 is divided by 60?
51
What is the remainder when 4392803 is divided by 1508?
1507
What is the remainder when 5946 is divided by 617?
393
What is the remainder when 5811 is divided by 19?
16
What is the remainder when 1317 is divided by 526?
265
Calculate the remainder when 2793 is divided by 123.
87
Calculate the remainder when 7964 is divided by 3981.
2
What is the remainder when 253978 is divided by 1020?
1018
Calculate the remainder when 334 is divided by 179.
155
What is the remainder when 5049 is divided by 1148?
457
What is the remainder when 3956502 is divided by 147?
144
What is the remainder when 35970 is divided by 73?
54
What is the remainder when 5905 is divided by 984?
1
Calculate the remainder when 73079 is divided by 9133.
15
Calculate the remainder when 10217 is divided by 2003.
202
Calculate the remainder when 62952 is divided by 767.
58
Calculate the remainder when 170123 is divided by 209.
206
What is the remainder when 129896 is divided by 153?
152
What is the remainder when 289704 is divided by 1173?
1146
Calculate the remainder when 730539 is divided by 20.
19
Calculate the remainder when 1129035 is divided by 17.
14
Calculate the remainder when 13804 is divided by 83.
26
What is the remainder when 2119507 is divided by 1071?
1069
What is the remainder when 26072 is divided by 8684?
20
What is the remainder when 3327 is divided by 441?
240
What is the remainder when 8412 is divided by 2804?
0
Calculate the remainder when 2911 is divided by 331.
263
Calculate the remainder when 1390 is divided by 249.
145
Calculate the remainder when 45173 is divided by 695.
693
Calculate the remainder when 1421932 is divided by 1762.
1760
Calculate the remainder when 17218 is divided by 479.
453
What is the remainder when 217597 is divided by 462?
457
Calculate the remainder when 15042 is divided by 879.
99
What is the remainder when 104 is divided by 87?
17
Calculate the remainder when 44051 is divided by 8687.
616
Calculate the remainder when 23498 is divided by 1958.
2
Calculate the remainder when 17363 is divided by 1578.
5
What is the remainder when 65860 is divided by 10975?
10
Calculate the remainder when 4263 is divided by 3980.
283
Calculate the remainder when 3834 is divided by 184.
154
What is the remainder when 2547 is divided by 537?
399
Calculate the remainder when 9569 is divided by 435.
434
Calculate the remainder when 432582 is divided by 6269.
21
What is the remainder when 8041 is divided by 803?
11
What is the remainder when 5093 is divided by 52?
49
What is the remainder when 17457 is divided by 80?
17
Calculate the remainder when 95135 is divided by 151.
5
What is the remainder when 279810 is divided by 63?
27
What is the remainder when 1248796 is divided by 18?
10
What is the remainder when 25047 is divided by 785?
712
Calculate the remainder when 2981 is divided by 373.
370
Calculate the remainder when 826 is divided by 91.
7
What is the remainder when 9825 is divided by 37?
20
What is the remainder when 13002 is divided by 764?
14
Calculate the remainder when 318610 is divided by 32.
18
Calculate the remainder when 1560 is divided by 267.
225
Calculate the remainder when 32564 is divided by 87.
26
Calculate the remainder when 144899 is divided by 27.
17
What is the remainder when 48998 is divided by 48997?
1
Calculate the remainder when 70922 is divided by 34.
32
Calculate the remainder when 287021 is divided by 445.
441
What is the remainder when 3753 is divided by 288?
9
What is the remainder when 36137 is divided by 552?
257
What is the remainder when 5907 is divided by 1411?
263
Calculate the remainder when 21156 is divided by 16.
4
Calculate the remainder when 13634 is divided by 1941.
47
What is the remainder when 898 is divided by 202?
90
Calculate the remainder when 139896 is divided by 262.
250
What is the remainder when 4313 is divided by 871?
829
What is the remainder when 391273 is divided by 373?
369
Calculate the remainder when 13587 is divided by 825.
387
Calculate the remainder when 760 is divided by 145.
35
What is the remainder when 69162 is divided by 326?
50
What is the remainder when 13244 is divided by 1892?
0
What is the remainder when 837 is divided by 8?
5
Calculate the remainder when 2816125 is divided by 243.
241
Calculate the remainder when 3737457 is divided by 1245816.
9
What is the remainder when 11056 is divided by 1934?
1386
Calculate the remainder when 153 is divided by 24.
9
What is the remainder when 2115 is divided by 75?
15
What is the remainder when 695320 is divided by 1505?
10
What is the remainder when 2523743 is divided by 96?
95
What is the remainder when 65936 is divided by 129?
17
Calculate the remainder when 77163 is divided by 104.
99
What is the remainder when 2133 is divided by 518?
61
What is the remainder when 2148 is divided by 1052?
44
Calculate the remainder when 16642 is divided by 619.
548
What is the remainder when 168025 is divided by 14?
11
What is the remainder when 8572 is divided by 1069?
20
What is the remainder when 33728 is divided by 231?
2
What is the remainder when 58147 is divided by 17?
7
What is the remainder when 173049 is divided by 90?
69
What is the remainder when 1000259 is divided by 15?
14
What is the remainder when 1234200 is divided by 31?
28
What is the remainder when 267107 is divided by 11613?
8
What is the remainder when 14994 is divided by 3736?
50
What is the remainder when 1661318 is divided by 1067?
1066
Calculate the remainder when 133067 is divided by 18.
11
Calculate the remainder when 6323 is divided by 815.
618
Calculate the remainder when 153501 is divided by 255.
246
Calculate the remainder when 3124 is divided by 724.
228
What is the remainder when 8138 is divided by 326?
314
Calculate the remainder when 8918 is divided by 2227.
10
Calculate the remainder when 1868 is divided by 652.
564
What is the remainder when 754 is divided by 189?
187
Calculate the remainder when 44269 is divided by 14705.
154
What is the remainder when 113719 is divided by 56856?
7
What is the remainder when 5192 is divided by 657?
593
What is the remainder when 4022 is divided by 115?
112
What is the remainder when 20839 is divided by 20839?
0
Calculate the remainder when 8064 is divided by 60.
24
Calculate the remainder when 7198 is divided by 36.
34
Calculate the